17807
Suppose -4*z - 7*n = -3*n + 4, -6 = -4*z + n. Let y be z*(274*-6)/(-6). Suppose y = -12*u + 1294. List the prime factors of u.
5, 17
Suppose -4*r = 4*i - 9440, -11827 = -5*r - 8*i + 12*i. Let n = -1382 + r. List the prime factors of n.
3, 109
Let p(g) = 13 - 2*g**2 + 10*g**2 - g**3 - 9*g + 3*g**2 + 6. Let k(s) = -s. Let q(w) = 2*k(w) + p(w). List the prime factors of q(8).
3, 41
Let l be 56/(2 + (-6 - -2)/4). Let p(s) = -s**3 + 12*s**2 - 8*s - 9. Let w be p(10). Let a = w - l. What are the prime factors of a?
5, 11
Suppose -11*j + 61635 = -3551. What are the prime factors of j?
2, 2963
Suppose -4*v = q - 97522, -v + 88*q + 24376 = 89*q. List the prime factors of v.
2, 73, 167
List the prime factors of 13/((-78)/(-39372))*(-56)/(-16).
7, 17, 193
Suppose 35*d + 9510 - 3140 = 36*d. What are the prime factors of d?
2, 5, 7, 13
Let a = 74 - 70. Let d(j) = 16*j**2 + 10*j - 36. What are the prime factors of d(a)?
2, 5, 13
Let x = -22 - -38. Let l = -22 + x. What are the prime factors of 772/12 + l/(-9)?
5, 13
What are the prime factors of 2949*(10/(-6) + 3 + 4/2)?
2, 5, 983
Suppose o - 107*t + 104*t - 73248 = 0, -4*t = -4*o + 293008. List the prime factors of o.
2, 3, 29, 421
Suppose -8*s + 2*u = -3*s - 68990, -2*u = 2*s - 27610. Suppose -4*r + 0*r = s. What are the prime factors of ((r/(-9))/(-5))/((-6)/9)?
5, 23
Let i be (-4)/16 - (-1 + 68/(-16)). Suppose s + z = 135, s + 276 = 3*s + i*z. What are the prime factors of s?
7, 19
Suppose -81*k - 19*k = 33*k - 181013. List the prime factors of k.
1361
Suppose -8 = -18*p + 14*p. Let d(m) = 6 + p - 2*m - 7 + 3*m**2 - m. List the prime factors of d(-3).
37
Let t be (4/(-2))/(6/(-1605))*-7. List the prime factors of ((-18)/5)/(-3)*t/(-321).
2, 7
Suppose 297 = 18*h + 27. Suppose 0 = -0*i + h*i - 3195. List the prime factors of i.
3, 71
Let q = -151 - -151. Suppose 12 = 4*p, -4*f + 3*f - 5*p + 433 = q. List the prime factors of f.
2, 11, 19
Let s = -120 - -132. Suppose 3*m + s = 0, -13*m - 3196 = -4*h - 8*m. List the prime factors of h.
2, 397
Suppose 5*k = 9*k + 592. Let c = -45 - k. List the prime factors of c.
103
Let i = 15340 + 3328. List the prime factors of i.
2, 13, 359
Let l(a) = a**3 + 4*a**2 + 4*a + 5. Let j be l(-2). Let o be (j - 4)/((-3)/219). List the prime factors of -1 - (o + (-3 - -1)).
2, 37
Suppose -9*o + 665 + 289 = 0. Suppose 0 = 5*f - z - 530, -f + 0*z + o = 3*z. List the prime factors of f.
2, 53
Suppose 2*d = 5*n - 185859, -110*d + 74382 = 2*n - 106*d. What are the prime factors of n?
5, 1487
Suppose 35 = 2*d + 3*d - h, -2*d + 14 = 4*h. Let s(m) = 27*m**2 - 32*m + 257. List the prime factors of s(d).
2, 3, 113
Suppose -5*i + 5203 = l - 3995, -6*i - 9132 = -l. What are the prime factors of l?
2, 3, 191
Suppose -j = v - 66, -5*v - 10 = -0*v. Suppose 2*y - 200 = -y + 7*y. List the prime factors of (-4 + j/5)/((-4)/y).
2, 3, 5
Let t(k) = 52 + 0 + 274*k - 17 + 7 + 12. List the prime factors of t(3).
2, 3, 73
Suppose -5*r - j + 10 = 0, -5*r + 2*j + 11 = -14. Let m = -670 + 680. What are the prime factors of ((-12)/m)/(r/(-220))?
2, 11
Let j(q) = -q**2 - 4*q + 1. Let x be j(-4). Let o be 98 + (6/(-15))/(x/(-5)). Suppose -5*k - 315 = -3*f - o, 5*k = -3*f + 205. What are the prime factors of f?
2, 5, 7
Suppose 0 = 5*y - 8 - 7. Suppose -2*z + 137 = 2*z + y*w, -w + 34 = z. List the prime factors of z.
5, 7
Let g = -571 - -406. Let p be g/(-22)*(-60)/9. What are the prime factors of p*(28/(-10) + 2)?
2, 5
Suppose -3*u - 10 = -u + k, -2 = 2*u + 5*k. Let o(t) = -2*t - 21. Let m(c) = -c - 10. Let l(n) = 7*m(n) - 4*o(n). List the prime factors of l(u).
2
Let b(g) = 69 - g - 78 - g. Let w be b(6). List the prime factors of (20/15)/(1 - (-19)/w).
2, 7
Suppose -48*o + 19*o = -17*o - 177072. What are the prime factors of o?
2, 7, 17, 31
Let a = 13576 - 5529. What are the prime factors of a?
13, 619
List the prime factors of (5 - (-236)/(-16))*(-7332)/9.
13, 47
Let t(z) = -z**3 + z**2 - 2*z. Let l be t(0). List the prime factors of (-8)/2*((-1 - 2) + l).
2, 3
Let q be (20/(-6))/((-6)/9). Suppose 3*b + 0*b + q*c = 11, -3*c = 3*b - 9. Suppose -5*s - t + 155 = 0, -b*s + 0*s + 74 = -2*t. What are the prime factors of s?
2
Suppose 2*p = -8*p + 1630. Let k(t) = -164*t**3 + p*t**3 + 2*t - 13*t**2 - 23 + 2*t. List the prime factors of k(-14).
3, 13
Let w = 16736 + -6536. List the prime factors of w.
2, 3, 5, 17
Let c be (-51)/(-18) - (-2)/36*3. Let r be ((-1675)/15)/(-5) + (-1)/3. Suppose c*t = 14 + r. What are the prime factors of t?
2, 3
Suppose 5*k + 3*c = -4 + 78, -4*c + 56 = 4*k. Suppose -k*m + 3*m + 10049 = 0. What are the prime factors of m?
773
Let p(s) = -s**3 - 19*s**2 - 12*s + 13. Let k be p(-15). Let u = -424 - k. What are the prime factors of u?
283
Let m(i) = -i**2 + 33*i - 182. List the prime factors of m(18).
2, 11
Let m = 461 + -252. Let n = m + -120. Let q = n - 62. List the prime factors of q.
3
Let c(k) = k**3 + 3*k**2 + k + 6. Let q be c(-3). Suppose 0 = 2*j + 4*l - 164, -5*j + 5*l = 146 - 571. Suppose m + j = q*m. List the prime factors of m.
2, 3, 7
List the prime factors of 2/((8/(-50))/((-854938)/395)).
5, 7, 773
What are the prime factors of 4/38 + (-7510566)/(-4522)?
11, 151
Let h = -241 - -265. Suppose -6971 = -h*q + 4213. What are the prime factors of q?
2, 233
Let d = 445 + -440. Suppose 2904 + 551 = d*x. List the prime factors of x.
691
Let c = 46 - 43. Suppose c*l = 5*l - 10. Suppose 0 = k + 4*x - 152, -k = -l*x + 4*x - 177. What are the prime factors of k?
2, 43
Suppose -6 = -4*q + 46. Suppose 17 = 10*f - q. Suppose 17 = 2*u + f*z - 2*z, -25 = 5*z. What are the prime factors of u?
11
Suppose 2*j - 2*z = 26, -j + 0*z + 4*z = -22. Suppose j*t - 17*t + 406 = 0. Let y = t + -13. List the prime factors of y.
3, 5
What are the prime factors of ((4 - -11) + -9)/(18/14856)?
2, 619
Let v(q) = 137 + 39*q - 46 - 28. List the prime factors of v(7).
2, 3, 7
Suppose -4*i = -z + 12323, -224*i = -4*z - 219*i + 49325. What are the prime factors of z?
5, 2467
Suppose 10326520 = 195*l - 195680. List the prime factors of l.
2, 5, 19, 71
Suppose 2*p + 2*q - 44 = 0, -4*q + 22 = p - 0*p. Suppose -8*u - 34 = p. What are the prime factors of 26*(-2 + (-3 - u))?
2, 13
Let q(z) = -z**2 - 41*z - 89. Let c be (4/(-10) - 1845/(-300))*-4. What are the prime factors of q(c)?
5, 13
Let n be (0 + -2)/((-2)/4). Let o(h) be the third derivative of h**5/6 - h**4/8 - h**3 + 400*h**2. What are the prime factors of o(n)?
2, 71
Let s be (-14)/8 - 27/(-4). Suppose o = -v + 702, -s*v - 35 + 10 = 0. What are the prime factors of o?
7, 101
Let z(u) = -3*u**2 + 5*u - 3. Let c be z(3). Let f = 2821 - 2871. List the prime factors of (93/1)/(5/(f/c)).
2, 31
Suppose -3*a = -2*d + 48332, 3*d - 264*a = -267*a + 72498. List the prime factors of d.
2, 43, 281
Let r = 9990 - 3132. Suppose -11*k + r + 754 = 0. List the prime factors of k.
2, 173
Let b = -118897 + 174732. List the prime factors of b.
5, 13, 859
Suppose 0*m = -0*m - 5*m. Suppose m = -u + 2, 0*o - 1022 = -2*o + 4*u. What are the prime factors of o?
5, 103
Suppose 8*j + 99*j + 30*j = 892007. List the prime factors of j.
17, 383
What are the prime factors of -21 - (16 + -20 - 31931)?
2, 3, 197
What are the prime factors of 281489/91 - (-35)/49?
2, 7, 13, 17
Suppose 41*c = 47*c. Suppose -5*v + 3*b + 2044 = c, -2*v + 3*b - 171 + 994 = 0. List the prime factors of v.
11, 37
Let z be 8/(-18) + (-24990)/27. Let h = z + 1421. What are the prime factors of h?
3, 5, 11
Suppose 0 = 2*u - 5*p + 1, 5*u + 2*p + 12 = 5*p. Let s be 3 - (2 - u/(-1))*0. Suppose -s*t + 1 = o - 137, -438 = -3*o - t. List the prime factors of o.
3, 7
Suppose 0 = 6*t - 4*t - 6. What are the prime factors of (-847)/(-3) + -6 + 2/t?
277
Let a be (-1 + (-555)/(-12))/(5/60). Suppose -3*u + a - 99 = 0. Let m = u + -85. List the prime factors of m.
3, 7
Let a(j) = j**2 - 41*j + 36. Let i be a(44). Let c = 1122 + i. What are the prime factors of c?
2, 3, 5, 43
Let t(b) be the third derivative of -7*b**5/60 + 5*b**4/8 + 5*b**3/3 + 11*b**2. Let u(l) be the first derivative of t(l). List the prime factors of u(-4).
71
Let b = -28347 + 39842. What are the prime factors of b?
5, 11, 19
Let p(x) = 293*x**2 - 4*x + 28. Let u be p(-3). Suppose 0 = 3*d - u - 1814. List the prime factors of d.
3, 499
Suppose 8*d - 